829.
3, 4943
What are the prime factors of 68022?
2, 3, 3779
What are the prime factors of 2052?
2, 3, 19
List the prime factors of 657.
3, 73
What are the prime factors of 4202?
2, 11, 191
What are the prime factors of 12302?
2, 6151
What are the prime factors of 1569?
3, 523
What are the prime factors of 16041?
3, 5347
What are the prime factors of 6785?
5, 23, 59
List the prime factors of 13087.
23, 569
What are the prime factors of 125063?
125063
What are the prime factors of 21489?
3, 13, 19, 29
List the prime factors of 6504.
2, 3, 271
What are the prime factors of 1341?
3, 149
What are the prime factors of 1071?
3, 7, 17
What are the prime factors of 2310?
2, 3, 5, 7, 11
List the prime factors of 17357.
17, 1021
List the prime factors of 4422.
2, 3, 11, 67
What are the prime factors of 108260?
2, 5, 5413
What are the prime factors of 2030?
2, 5, 7, 29
What are the prime factors of 115234?
2, 7, 8231
What are the prime factors of 2014?
2, 19, 53
List the prime factors of 7871.
17, 463
What are the prime factors of 22718?
2, 37, 307
What are the prime factors of 8658?
2, 3, 13, 37
What are the prime factors of 6828?
2, 3, 569
List the prime factors of 2754.
2, 3, 17
What are the prime factors of 4042?
2, 43, 47
List the prime factors of 50921.
13, 3917
List the prime factors of 15279.
3, 11, 463
What are the prime factors of 3828?
2, 3, 11, 29
List the prime factors of 54907.
54907
List the prime factors of 15773.
15773
What are the prime factors of 48806?
2, 23, 1061
What are the prime factors of 14074?
2, 31, 227
What are the prime factors of 820?
2, 5, 41
List the prime factors of 5948.
2, 1487
What are the prime factors of 23299?
23, 1013
What are the prime factors of 1383?
3, 461
What are the prime factors of 101624?
2, 12703
What are the prime factors of 273?
3, 7, 13
List the prime factors of 8819.
8819
What are the prime factors of 15786?
2, 3, 877
List the prime factors of 221.
13, 17
List the prime factors of 107375.
5, 859
List the prime factors of 3072.
2, 3
List the prime factors of 477.
3, 53
What are the prime factors of 3032?
2, 379
List the prime factors of 43475.
5, 37, 47
List the prime factors of 43073.
19, 2267
What are the prime factors of 6737?
6737
What are the prime factors of 121105?
5, 53, 457
What are the prime factors of 30089?
30089
What are the prime factors of 69944?
2, 7, 1249
List the prime factors of 375.
3, 5
List the prime factors of 515.
5, 103
What are the prime factors of 872?
2, 109
What are the prime factors of 929?
929
List the prime factors of 757.
757
List the prime factors of 2852.
2, 23, 31
List the prime factors of 14067.
3, 521
List the prime factors of 553.
7, 79
What are the prime factors of 64?
2
What are the prime factors of 19231?
19231
What are the prime factors of 20504?
2, 11, 233
List the prime factors of 16059.
3, 53, 101
List the prime factors of 613.
613
What are the prime factors of 50550?
2, 3, 5, 337
List the prime factors of 7746.
2, 3, 1291
What are the prime factors of 271?
271
List the prime factors of 31708.
2, 7927
List the prime factors of 39039.
3, 7, 11, 13
What are the prime factors of 644?
2, 7, 23
List the prime factors of 15753.
3, 59, 89
List the prime factors of 122140.
2, 5, 31, 197
List the prime factors of 2221.
2221
List the prime factors of 22339.
89, 251
List the prime factors of 23490.
2, 3, 5, 29
List the prime factors of 1389.
3, 463
What are the prime factors of 112472?
2, 17, 827
List the prime factors of 30533.
19, 1607
List the prime factors of 2435.
5, 487
What are the prime factors of 3777?
3, 1259
List the prime factors of 20095.
5, 4019
List the prime factors of 7849.
47, 167
List the prime factors of 45503.
45503
What are the prime factors of 5261?
5261
What are the prime factors of 90?
2, 3, 5
What are the prime factors of 2524?
2, 631
List the prime factors of 977.
977
What are the prime factors of 21115?
5, 41, 103
List the prime factors of 414.
2, 3, 23
What are the prime factors of 1219?
23, 53
What are the prime factors of 8748?
2, 3
What are the prime factors of 111888?
2, 3, 7, 37
What are the prime factors of 19981?
13, 29, 53
What are the prime factors of 100650?
2, 3, 5, 11, 61
What are the prime factors of 2136?
2, 3, 89
What are the prime factors of 815?
5, 163
What are the prime factors of 3357?
3, 373
List the prime factors of 5529.
3, 19, 97
What are the prime factors of 99088?
2, 11, 563
What are the prime factors of 73402?
2, 7, 107
What are the prime factors of 1950?
2, 3, 5, 13
What are the prime factors of 515?
5, 103
What are the prime factors of 234?
2, 3, 13
What are the prime factors of 45604?
2, 13, 877
List the prime factors of 14777.
7, 2111
What are the prime factors of 800?
2, 5
What are the prime factors of 132434?
2, 23, 2879
What are the prime factors of 4643?
4643
List the prime factors of 5192.
2, 11, 59
List the prime factors of 15732.
2, 3, 19, 23
What are the prime factors of 1373?
1373
What are the prime factors of 1321?
1321
List the prime factors of 7883.
7883
List the prime factors of 832.
2, 13
List the prime factors of 3763.
53, 71
List the prime factors of 21399.
3, 7, 1019
What are the prime factors of 2207?
2207
What are the prime factors of 2236?
2, 13, 43
List the prime factors of 4129.
4129
What are the prime factors of 4754?
2, 2377
List the prime factors of 682.
2, 11, 31
List the prime factors of 7687.
7687
What are the prime factors of 17171?
7, 11, 223
List the prime factors of 492.
2, 3, 41
List the prime factors of 869.
11, 79
List the prime factors of 64950.
2, 3, 5, 433
List the prime factors of 46462.
2, 13, 1787
What are the prime factors of 14986?
2, 59, 127
List the prime factors of 106774.
2, 197, 271
What are the prime factors of 5117?
7, 17, 43
What are the prime factors of 1073?
29, 37
List the prime factors of 8309.
7, 1187
What are the prime factors of 71605?
5, 14321
List the prime factors of 8566.
2, 4283
What are the prime factors of 1510?
2, 5, 151
List the prime factors of 1966.
2, 983
List the prime factors of 39.
3, 13
What are the prime factors of 1782?
2, 3, 11
List the prime factors of 60008.
2, 13, 577
List the prime factors of 15456.
2, 3, 7, 23
List the prime factors of 3116.
2, 19, 41
What are the prime factors of 1376?
2, 43
List the prime factors of 964.
2, 241
What are the prime factors of 4435?
5, 887
What are the prime factors of 2079?
3, 7, 11
List the prime factors of 18646.
2, 9323
What are the prime factors of 1842?
2, 3, 307
List the prime factors of 634.
2, 317
List the prime factors of 38439.
3, 4271
What are the prime factors of 53036?
2, 13259
What are the prime factors of 34684?
2, 13, 23, 29
What are the prime factors of 3627?
3, 13, 31
List the prime factors of 629.
17, 37
List the prime factors of 2508.
2, 3, 11, 19
What are the prime factors of 6643?
7, 13, 73
List the prime factors of 1589.
7, 227
What are the prime factors of 43720?
2, 5, 1093
List the prime factors of 434.
2, 7, 31
List the prime factors of 7521.
3, 23, 109
What are the prime factors of 796?
2, 199
What are the prime factors of 3476?
2, 11, 79
List the prime factors of 102123.
3, 7, 1621
List the prime factors of 873.
3, 97
List the prime factors of 2087.
2087
List the prime factors of 5706.
2, 3, 317
What are the prime factors of 1485?
3, 5, 11
What are the prime factors of 1621?
1621
What are the prime factors of 6384?
2, 3, 7, 19
List the prime factors of 3555.
3, 5, 79
List the prime factors of 997.
997
List the prime factors of 22199.
79, 281
What are the prime factors of 4607?
17, 271
List the prime factors of 3662.
2, 1831
List the prime factors of 444.
2, 3, 37
What are the prime factors of 5486?
2, 13, 211
What are the prime factors of 8910?
2, 3, 5, 11
What are the prime factors of 5?
5
List the prime factors of 17.
17
What are the prime factors of 387?
3, 43
What are the prime factors of 1864?
2, 233
What are the prime factors of 93420?
2, 3, 5, 173
What are the prime factors of 8986?
2, 4493
What are the prime factors of 1276?
2, 11, 29
What are the prime factors of 17721?
3, 11, 179
What are the prime factors of 11526?
2, 3, 17, 113
What are the prime factors of 1299?
3, 433
List the prime factors of 44691.
3, 14897
List the prime factors of 17919.
3, 11, 